


{"id":5856,"date":"2019-03-21T14:50:59","date_gmt":"2019-03-21T13:50:59","guid":{"rendered":"https:\/\/www.careplus.eu\/tipps-und-ratschlage-fur-sicheres-reisen\/schutz-vor-tropenkrankheiten\/malaria\/"},"modified":"2021-05-08T08:27:52","modified_gmt":"2021-05-08T06:27:52","slug":"malaria","status":"publish","type":"page","link":"https:\/\/www.careplus.eu\/de\/tipps-und-ratschlage-fur-sicheres-reisen\/schutz-vor-tropenkrankheiten\/malaria\/","title":{"rendered":"Malaria"},"content":{"rendered":"<p>[et_pb_section fb_built=&#8220;1&#8243; fullwidth=&#8220;on&#8220; _builder_version=&#8220;3.22&#8243; bottom_divider_style=&#8220;curve&#8220; bottom_divider_color=&#8220;#ffffff&#8220; bottom_divider_height=&#8220;40px&#8220;][et_pb_fullwidth_slider show_arrows=&#8220;off&#8220; show_pagination=&#8220;off&#8220; _builder_version=&#8220;3.19.6&#8243; custom_padding=&#8220;22%||10%|&#8220;][et_pb_slide heading=&#8220;Malaria&#8220; use_bg_overlay=&#8220;off&#8220; use_text_overlay=&#8220;off&#8220; _builder_version=&#8220;3.19.6&#8243; header_level=&#8220;h1&#8243; header_font=&#8220;|800|||||||&#8220; header_text_align=&#8220;center&#8220; header_font_size=&#8220;36&#8243; background_color=&#8220;#0b6a30&#8243; background_image=&#8220;https:\/\/www.careplus.eu\/wp-content\/uploads\/2019\/02\/malaria-afrika.jpg&#8220; button_on_hover=&#8220;on&#8220; custom_padding=&#8220;15%||15%|&#8220; custom_padding_tablet=&#8220;16%||16%|&#8220; custom_padding_phone=&#8220;30%||30%|&#8220; custom_padding_last_edited=&#8220;on|phone&#8220; header_font_size_tablet=&#8220;30&#8243; header_font_size_phone=&#8220;30&#8243; header_font_size_last_edited=&#8220;on|tablet&#8220; header_text_shadow_style=&#8220;preset3&#8243; header_text_shadow_blur_strength=&#8220;0.5em&#8220; header_text_shadow_color=&#8220;rgba(0,0,0,0.6)&#8220; sticky_transition=&#8220;on&#8220;][\/et_pb_slide][\/et_pb_fullwidth_slider][\/et_pb_section][et_pb_section fb_built=&#8220;1&#8243; _builder_version=&#8220;3.22&#8243;][et_pb_row _builder_version=&#8220;3.25&#8243; background_size=&#8220;initial&#8220; background_position=&#8220;top_left&#8220; background_repeat=&#8220;repeat&#8220;][et_pb_column type=&#8220;4_4&#8243; _builder_version=&#8220;3.25&#8243; custom_padding=&#8220;|||&#8220; custom_padding__hover=&#8220;|||&#8220;][et_pb_dmb_breadcrumbs _builder_version=&#8220;3.19.6&#8243; body_font_size_tablet=&#8220;51&#8243; body_line_height_tablet=&#8220;2&#8243; separator_font_size_tablet=&#8220;51&#8243; separator_line_height_tablet=&#8220;2&#8243; link_font_size_tablet=&#8220;51&#8243; link_line_height_tablet=&#8220;2&#8243; linkhover_font_size_tablet=&#8220;51&#8243; linkhover_line_height_tablet=&#8220;2&#8243;][\/et_pb_dmb_breadcrumbs][et_pb_text admin_label=&#8220;Malaria&#8220; _builder_version=&#8220;3.27.4&#8243; header_2_font=&#8220;|800|||||||&#8220; header_2_font_size=&#8220;30px&#8220;]<\/p>\n<h2>Malaria<\/h2>\n<p>Malaria wird durch Parasiten verursacht. Diese k\u00f6nnen durch einen M\u00fcckenstich in den K\u00f6rper gelangen. Malaria verursacht Fieber, Kopfschmerzen, Sch\u00fcttelfrost, \u00fcberm\u00e4\u00dfiges Schwitzen und Muskelschmerzen. Malaria tritt in Deutschland in begrenztem Umfang auf. Dies betrifft Menschen, die sich die Krankheit in den (Sub-)Tropen zugezogen haben.<\/p>\n<p>[\/et_pb_text][et_pb_image src=&#8220;https:\/\/www.careplus.eu\/wp-content\/uploads\/2019\/02\/Wereldkaart-tropische-ziekten-malaria.jpg&#8220; align_tablet=&#8220;center&#8220; align_phone=&#8220;&#8220; align_last_edited=&#8220;on|desktop&#8220; admin_label=&#8220;kaart&#8220; _builder_version=&#8220;3.23&#8243;][\/et_pb_image][et_pb_text admin_label=&#8220;bijschrift kaart&#8220; _builder_version=&#8220;3.27.4&#8243; text_font_size=&#8220;12px&#8220;]<\/p>\n<p>\nDie Darstellungen auf dieser Karte basieren auf Daten aus dem Jahr 2017.<\/p>\n<p>[\/et_pb_text][et_pb_text admin_label=&#8220;Malaria&#8220; _builder_version=&#8220;3.27.4&#8243; header_2_font=&#8220;|800|||||||&#8220; header_2_font_size=&#8220;30px&#8220;]<\/p>\n<h3>Was ist Malaria?<\/h3>\n<p>Malaria kann durch einen Stich der weiblichen Anopheles M\u00fccke \u00fcbertragen werden. Diese M\u00fccke ist zwischen Sonnenuntergang- und Sonnenaufgang aktiv. Malaria wird durch eine Infektion mit dem  Plasmodium Parasiten verursacht. Der Parasit ist nicht direkt zwischen Menschen \u00fcbertragbar. Dieser Parasit nistet in der Leber des Menschen. Es gibt verschiedene Plasmodium Parasiten, die Malaria verursachen k\u00f6nnen, wovonPlasmodium falciparum, Plasmodium vivax, Plasmodium ovale und Plasmodium malariae die am h\u00e4ufigsten vorkommenden Arten sind.<\/p>\n<p>Die ersten Krankheitssymptome von Malaria treten durchschnittlich zwischen 10 Tagen und sechs Wochen nach dem Stich einer infizierten M\u00fccke auf. Die Parasiten von Plasmodium vivax und Plasmodium Ovale haben ein Stadium, in dem Parasiten  (Hypnozoiten) \u2018schlafend\u2019 in der Leber bleiben. Es kann dann Monate bis sogar Jahre dauern, bevor  die Parasiten aktiv werden und Krankheitssymptome entstehen.<\/p>\n<p>[\/et_pb_text][et_pb_video src=&#8220;https:\/\/www.youtube.com\/watch?v=RqRuSwZey_U&#8220; _builder_version=&#8220;3.19.6&#8243; border_radii=&#8220;on|10px|10px|10px|10px&#8220;][\/et_pb_video][et_pb_text admin_label=&#8220;Malaria&#8220; _builder_version=&#8220;3.27.4&#8243; header_2_font=&#8220;|800|||||||&#8220; header_2_font_size=&#8220;30px&#8220;]<\/p>\n<h3>Was sind die Symptome von Malaria?<\/h3>\n<p>Wenn man sich mit Malaria tropica (der gef\u00e4hrlichsten und t\u00f6dlichsten Variante) infiziert, kann dies innerhalb von 48 Stunden zum Tode f\u00fchren. Bei anderen Malariavarianten beginnen die Malaria-Symptome etwa zwischen 10 Tagen und 6 Wochen nach dem Stich.<\/p>\n<p>Es gibt vier Varianten von Malaria, die du dir einfangen kannst. Wie gesagt, Malaria Tropica kann innerhalb von 48 Stunden zum Tod f\u00fchren. Die anderen drei Varianten weisen einen weniger schweren Krankheitsverlauf auf. Malaria-Symptome bestehen in der Regel aus vier- bis achtst\u00fcndigen Anf\u00e4llen, die sich alle paar Tage wiederholen.<\/p>\n<ul>\n<li>Hochfieber<\/li>\n<li>Kalter Sch\u00fcttelfrost<\/li>\n<li>Starkes Schwitzen<\/li>\n<li>An\u00e4mie<\/li>\n<li>Verwirrtheit<\/li>\n<li>M\u00fcdigkeit<\/li>\n<li>Herzschmerzen<\/li>\n<li>Muskel- und Gelenkschmerzen<\/li>\n<li>\u00dcbelkeit\/Erbrechen<\/li>\n<li>Durchfall<\/li>\n<li>Gelbsucht<\/li>\n<li>Zuckungen (bei Kindern)<\/li>\n<li>In ernsten F\u00e4llen Koma<\/li>\n<\/ul>\n<p>\u00a0<\/p>\n<h3>Schutz gegen Malaria<\/h3>\n<p>Die Malariaprophylaxe richtet sich an Reisende in\/aus einem Malaria-Risikogebiet in den (Sub-)Tropen. Das Risiko, an Malaria zu erkranken, kann durch die Einnahme von Malaria-Pillen reduziert werden. Dar\u00fcber hinaus sind das Tragen von hautbedeckender Kleidung und die Verwendung von Moskitonetzen und Insektenschutz w\u00e4hrend der Zeit, in der Moskitos aktiv sind, gute Mittel, um das Infektionsrisiko zu verringern.<\/p>\n<p>\u00a0<\/p>\n<h3>Malaria 2030<\/h3>\n<p>Die Mission der Travel Health Group ist eine malariafreie Welt im Jahr 2030. Dies ist ein sehr hohes Ziel, das unser Team und unsere Partner antreibt. Malaria ist eine schwere Infektionskrankheit, die mehr als 219 Millionen Menschen krank macht und j\u00e4hrlich 435.000 Todesf\u00e4lle verursacht, die meisten davon Kinder unter 5 Jahren.\u00a0<a href=\"https:\/\/www.careplus.eu\/en\/malaria-free-2030\/\">Lesen<\/a> Sie mehr \u00fcber unsere Mission.<\/p>\n<p>[\/et_pb_text][\/et_pb_column][\/et_pb_row][\/et_pb_section][et_pb_section fb_built=&#8220;1&#8243; _builder_version=&#8220;3.22&#8243; background_color=&#8220;#f4f4f4&#8243;][et_pb_row column_structure=&#8220;1_3,1_3,1_3&#8243; _builder_version=&#8220;3.25&#8243; background_color=&#8220;#ffffff&#8220; border_radii=&#8220;on|10px|10px|10px|10px&#8220;][et_pb_column type=&#8220;1_3&#8243; _builder_version=&#8220;3.25&#8243; custom_padding=&#8220;|||&#8220; custom_padding__hover=&#8220;|||&#8220;][et_pb_image src=&#8220;https:\/\/www.careplus.eu\/wp-content\/uploads\/2020\/06\/careplus-anti-insect-deet-60ml-50-1.jpg&#8220; title_text=&#8220;careplus-anti-insect-deet-60ml-50&#8243; url=&#8220;https:\/\/www.careplus.eu\/de\/mucken-und-zecken\/schutzen\/anti-insekt-deet\/&#8220; align=&#8220;center&#8220; align_tablet=&#8220;center&#8220; align_phone=&#8220;&#8220; align_last_edited=&#8220;on|desktop&#8220; _builder_version=&#8220;4.4.8&#8243;][\/et_pb_image][et_pb_button button_url=&#8220;https:\/\/www.careplus.eu\/de\/mucken-und-zecken\/schutzen\/anti-insekt-deet\/&#8220; button_text=&#8220;Anti-Insekt DEET&#8220; button_alignment=&#8220;center&#8220; _builder_version=&#8220;3.19.6&#8243; background_layout=&#8220;dark&#8220;][\/et_pb_button][\/et_pb_column][et_pb_column type=&#8220;1_3&#8243; _builder_version=&#8220;3.25&#8243; custom_padding=&#8220;|||&#8220; custom_padding__hover=&#8220;|||&#8220;][et_pb_image src=&#8220;https:\/\/www.careplus.eu\/wp-content\/uploads\/2019\/03\/careplus-klamboe-single-box.jpg&#8220; url=&#8220;https:\/\/www.careplus.eu\/de\/mucken-und-zecken\/schutzen\/moskitonetze\/&#8220; align=&#8220;center&#8220; align_tablet=&#8220;center&#8220; align_phone=&#8220;&#8220; align_last_edited=&#8220;on|desktop&#8220; _builder_version=&#8220;3.23&#8243;][\/et_pb_image][et_pb_button button_url=&#8220;https:\/\/www.careplus.eu\/de\/mucken-und-zecken\/schutzen\/moskitonetze\/&#8220; button_text=&#8220;Moskitonetz&#8220; button_alignment=&#8220;center&#8220; _builder_version=&#8220;3.19.6&#8243; background_layout=&#8220;dark&#8220;][\/et_pb_button][\/et_pb_column][et_pb_column type=&#8220;1_3&#8243; _builder_version=&#8220;3.25&#8243; custom_padding=&#8220;|||&#8220; custom_padding__hover=&#8220;|||&#8220;][et_pb_image src=&#8220;https:\/\/www.careplus.eu\/wp-content\/uploads\/2019\/03\/care-plus-headnet.jpg&#8220; align=&#8220;center&#8220; align_tablet=&#8220;center&#8220; align_phone=&#8220;&#8220; align_last_edited=&#8220;on|desktop&#8220; _builder_version=&#8220;3.23&#8243;][\/et_pb_image][et_pb_button button_url=&#8220;https:\/\/www.careplus.eu\/de\/mucken-und-zecken\/schutzen\/kopfnetze\/&#8220; button_text=&#8220;Kopfnetze&#8220; button_alignment=&#8220;center&#8220; _builder_version=&#8220;3.19.6&#8243; background_layout=&#8220;dark&#8220;][\/et_pb_button][\/et_pb_column][\/et_pb_row][\/et_pb_section][et_pb_section fb_built=&#8220;1&#8243; _builder_version=&#8220;3.22&#8243;][et_pb_row _builder_version=&#8220;3.25&#8243; background_size=&#8220;initial&#8220; background_position=&#8220;top_left&#8220; background_repeat=&#8220;repeat&#8220;][et_pb_column type=&#8220;4_4&#8243; _builder_version=&#8220;3.25&#8243; custom_padding=&#8220;|||&#8220; custom_padding__hover=&#8220;|||&#8220;][et_pb_text admin_label=&#8220;Malaria in Nederland&#8220; _builder_version=&#8220;3.27.4&#8243; header_2_font=&#8220;|800|||||||&#8220; header_2_font_size=&#8220;30px&#8220;]<\/p>\n<h3>Wie verbreitet ist Malaria in Deutschland?<\/h3>\n<p>Jedes Jahr werden in Deutschland zwischen 400 und 600 Malariaf\u00e4lle <a href=\"https:\/\/www.ncbi.nlm.nih.gov\/pmc\/articles\/PMC5769339\/\" target=\"_blank\" rel=\"noopener noreferrer\">gemeldet<\/a>. Diese werden zum gr\u00f6\u00dften Teil durch Plasmonium falciparum verursacht, einen einzelligen Organismus der Gattung Plasmodium. Gelegentlich werden Berichte \u00fcber andere Arten von Malaria oder Mischinfektionen mit den oben genannten Plasmodium-Typen erstellt.<\/p>\n<p>[\/et_pb_text][\/et_pb_column][\/et_pb_row][\/et_pb_section]<\/p>\n","protected":false},"excerpt":{"rendered":"<p>Malaria Malaria wird durch Parasiten verursacht. Diese k\u00f6nnen durch einen M\u00fcckenstich in den K\u00f6rper gelangen. Malaria verursacht Fieber, Kopfschmerzen, Sch\u00fcttelfrost, \u00fcberm\u00e4\u00dfiges Schwitzen und Muskelschmerzen. Malaria tritt in Deutschland in begrenztem Umfang auf. Dies betrifft Menschen, die sich die Krankheit in den (Sub-)Tropen zugezogen haben. Die Darstellungen auf dieser Karte basieren auf Daten aus dem Jahr [&hellip;]<\/p>\n","protected":false},"author":37,"featured_media":0,"parent":5627,"menu_order":0,"comment_status":"closed","ping_status":"closed","template":"","meta":{"_acf_changed":false,"_et_pb_use_builder":"on","_et_pb_old_content":"","_et_gb_content_width":"","footnotes":""},"class_list":["post-5856","page","type-page","status-publish","hentry"],"acf":[],"_links":{"self":[{"href":"https:\/\/www.careplus.eu\/de\/wp-json\/wp\/v2\/pages\/5856","targetHints":{"allow":["GET"]}}],"collection":[{"href":"https:\/\/www.careplus.eu\/de\/wp-json\/wp\/v2\/pages"}],"about":[{"href":"https:\/\/www.careplus.eu\/de\/wp-json\/wp\/v2\/types\/page"}],"author":[{"embeddable":true,"href":"https:\/\/www.careplus.eu\/de\/wp-json\/wp\/v2\/users\/37"}],"replies":[{"embeddable":true,"href":"https:\/\/www.careplus.eu\/de\/wp-json\/wp\/v2\/comments?post=5856"}],"version-history":[{"count":0,"href":"https:\/\/www.careplus.eu\/de\/wp-json\/wp\/v2\/pages\/5856\/revisions"}],"up":[{"embeddable":true,"href":"https:\/\/www.careplus.eu\/de\/wp-json\/wp\/v2\/pages\/5627"}],"wp:attachment":[{"href":"https:\/\/www.careplus.eu\/de\/wp-json\/wp\/v2\/media?parent=5856"}],"curies":[{"name":"wp","href":"https:\/\/api.w.org\/{rel}","templated":true}]}}

<p>[et_pb_section fb_built=&#8220;1&#8243; fullwidth=&#8220;on&#8220; _builder_version=&#8220;3.22&#8243; bottom_divider_style=&#8220;curve&#8220; bottom_divider_color=&#8220;#ffffff&#8220; bottom_divider_height=&#8220;40px&#8220;][et_pb_fullwidth_slider show_arrows=&#8220;off&#8220; show_pagination=&#8220;off&#8220; _builder_version=&#8220;3.19.6&#8243; custom_padding=&#8220;22%||10%|&#8220;][et_pb_slide heading=&#8220;Malaria&#8220; use_bg_overlay=&#8220;off&#8220; use_text_overlay=&#8220;off&#8220; _builder_version=&#8220;3.19.6&#8243; header_level=&#8220;h1&#8243; header_font=&#8220;|800|||||||&#8220; header_text_align=&#8220;center&#8220; header_font_size=&#8220;36&#8243; background_color=&#8220;#0b6a30&#8243; background_image=&#8220;https://www.careplus.eu/wp-content/uploads/2019/02/malaria-afrika.jpg&#8220; button_on_hover=&#8220;on&#8220; custom_padding=&#8220;15%||15%|&#8220; custom_padding_tablet=&#8220;16%||16%|&#8220; custom_padding_phone=&#8220;30%||30%|&#8220; custom_padding_last_edited=&#8220;on|phone&#8220; header_font_size_tablet=&#8220;30&#8243; header_font_size_phone=&#8220;30&#8243; header_font_size_last_edited=&#8220;on|tablet&#8220; header_text_shadow_style=&#8220;preset3&#8243; header_text_shadow_blur_strength=&#8220;0.5em&#8220; header_text_shadow_color=&#8220;rgba(0,0,0,0.6)&#8220; sticky_transition=&#8220;on&#8220;][/et_pb_slide][/et_pb_fullwidth_slider][/et_pb_section][et_pb_section fb_built=&#8220;1&#8243; _builder_version=&#8220;3.22&#8243;][et_pb_row _builder_version=&#8220;3.25&#8243; background_size=&#8220;initial&#8220; background_position=&#8220;top_left&#8220; background_repeat=&#8220;repeat&#8220;][et_pb_column type=&#8220;4_4&#8243; _builder_version=&#8220;3.25&#8243; custom_padding=&#8220;|||&#8220; custom_padding__hover=&#8220;|||&#8220;][et_pb_dmb_breadcrumbs _builder_version=&#8220;3.19.6&#8243; body_font_size_tablet=&#8220;51&#8243; body_line_height_tablet=&#8220;2&#8243; separator_font_size_tablet=&#8220;51&#8243; separator_line_height_tablet=&#8220;2&#8243; link_font_size_tablet=&#8220;51&#8243; link_line_height_tablet=&#8220;2&#8243; linkhover_font_size_tablet=&#8220;51&#8243; linkhover_line_height_tablet=&#8220;2&#8243;][/et_pb_dmb_breadcrumbs][et_pb_text admin_label=&#8220;Malaria&#8220; _builder_version=&#8220;3.27.4&#8243; header_2_font=&#8220;|800|||||||&#8220; header_2_font_size=&#8220;30px&#8220;]</p>
<h2>Malaria</h2>
<p>Malaria wird durch Parasiten verursacht. Diese können durch einen Mückenstich in den Körper gelangen. Malaria verursacht Fieber, Kopfschmerzen, Schüttelfrost, übermäßiges Schwitzen und Muskelschmerzen. Malaria tritt in Deutschland in begrenztem Umfang auf. Dies betrifft Menschen, die sich die Krankheit in den (Sub-)Tropen zugezogen haben.</p>
<p>[/et_pb_text][et_pb_image src=&#8220;https://www.careplus.eu/wp-content/uploads/2019/02/Wereldkaart-tropische-ziekten-malaria.jpg&#8220; align_tablet=&#8220;center&#8220; align_phone=&#8220;&#8220; align_last_edited=&#8220;on|desktop&#8220; admin_label=&#8220;kaart&#8220; _builder_version=&#8220;3.23&#8243;][/et_pb_image][et_pb_text admin_label=&#8220;bijschrift kaart&#8220; _builder_version=&#8220;3.27.4&#8243; text_font_size=&#8220;12px&#8220;]</p>
<p>
Die Darstellungen auf dieser Karte basieren auf Daten aus dem Jahr 2017.</p>
<p>[/et_pb_text][et_pb_text admin_label=&#8220;Malaria&#8220; _builder_version=&#8220;3.27.4&#8243; header_2_font=&#8220;|800|||||||&#8220; header_2_font_size=&#8220;30px&#8220;]</p>
<h3>Was ist Malaria?</h3>
<p>Malaria kann durch einen Stich der weiblichen Anopheles Mücke übertragen werden. Diese Mücke ist zwischen Sonnenuntergang- und Sonnenaufgang aktiv. Malaria wird durch eine Infektion mit dem  Plasmodium Parasiten verursacht. Der Parasit ist nicht direkt zwischen Menschen übertragbar. Dieser Parasit nistet in der Leber des Menschen. Es gibt verschiedene Plasmodium Parasiten, die Malaria verursachen können, wovonPlasmodium falciparum, Plasmodium vivax, Plasmodium ovale und Plasmodium malariae die am häufigsten vorkommenden Arten sind.</p>
<p>Die ersten Krankheitssymptome von Malaria treten durchschnittlich zwischen 10 Tagen und sechs Wochen nach dem Stich einer infizierten Mücke auf. Die Parasiten von Plasmodium vivax und Plasmodium Ovale haben ein Stadium, in dem Parasiten  (Hypnozoiten) ‘schlafend’ in der Leber bleiben. Es kann dann Monate bis sogar Jahre dauern, bevor  die Parasiten aktiv werden und Krankheitssymptome entstehen.</p>
<p>[/et_pb_text][et_pb_video src=&#8220;https://www.youtube.com/watch?v=RqRuSwZey_U&#8220; _builder_version=&#8220;3.19.6&#8243; border_radii=&#8220;on|10px|10px|10px|10px&#8220;][/et_pb_video][et_pb_text admin_label=&#8220;Malaria&#8220; _builder_version=&#8220;3.27.4&#8243; header_2_font=&#8220;|800|||||||&#8220; header_2_font_size=&#8220;30px&#8220;]</p>
<h3>Was sind die Symptome von Malaria?</h3>
<p>Wenn man sich mit Malaria tropica (der gefährlichsten und tödlichsten Variante) infiziert, kann dies innerhalb von 48 Stunden zum Tode führen. Bei anderen Malariavarianten beginnen die Malaria-Symptome etwa zwischen 10 Tagen und 6 Wochen nach dem Stich.</p>
<p>Es gibt vier Varianten von Malaria, die du dir einfangen kannst. Wie gesagt, Malaria Tropica kann innerhalb von 48 Stunden zum Tod führen. Die anderen drei Varianten weisen einen weniger schweren Krankheitsverlauf auf. Malaria-Symptome bestehen in der Regel aus vier- bis achtstündigen Anfällen, die sich alle paar Tage wiederholen.</p>
<ul>
<li>Hochfieber</li>
<li>Kalter Schüttelfrost</li>
<li>Starkes Schwitzen</li>
<li>Anämie</li>
<li>Verwirrtheit</li>
<li>Müdigkeit</li>
<li>Herzschmerzen</li>
<li>Muskel- und Gelenkschmerzen</li>
<li>Übelkeit/Erbrechen</li>
<li>Durchfall</li>
<li>Gelbsucht</li>
<li>Zuckungen (bei Kindern)</li>
<li>In ernsten Fällen Koma</li>
</ul>
<p> </p>
<h3>Schutz gegen Malaria</h3>
<p>Die Malariaprophylaxe richtet sich an Reisende in/aus einem Malaria-Risikogebiet in den (Sub-)Tropen. Das Risiko, an Malaria zu erkranken, kann durch die Einnahme von Malaria-Pillen reduziert werden. Darüber hinaus sind das Tragen von hautbedeckender Kleidung und die Verwendung von Moskitonetzen und Insektenschutz während der Zeit, in der Moskitos aktiv sind, gute Mittel, um das Infektionsrisiko zu verringern.</p>
<p> </p>
<h3>Malaria 2030</h3>
<p>Die Mission der Travel Health Group ist eine malariafreie Welt im Jahr 2030. Dies ist ein sehr hohes Ziel, das unser Team und unsere Partner antreibt. Malaria ist eine schwere Infektionskrankheit, die mehr als 219 Millionen Menschen krank macht und jährlich 435.000 Todesfälle verursacht, die meisten davon Kinder unter 5 Jahren. <a href="https://www.careplus.eu/en/malaria-free-2030/">Lesen</a> Sie mehr über unsere Mission.</p>
<p>[/et_pb_text][/et_pb_column][/et_pb_row][/et_pb_section][et_pb_section fb_built=&#8220;1&#8243; _builder_version=&#8220;3.22&#8243; background_color=&#8220;#f4f4f4&#8243;][et_pb_row column_structure=&#8220;1_3,1_3,1_3&#8243; _builder_version=&#8220;3.25&#8243; background_color=&#8220;#ffffff&#8220; border_radii=&#8220;on|10px|10px|10px|10px&#8220;][et_pb_column type=&#8220;1_3&#8243; _builder_version=&#8220;3.25&#8243; custom_padding=&#8220;|||&#8220; custom_padding__hover=&#8220;|||&#8220;][et_pb_image src=&#8220;https://www.careplus.eu/wp-content/uploads/2020/06/careplus-anti-insect-deet-60ml-50-1.jpg&#8220; title_text=&#8220;careplus-anti-insect-deet-60ml-50&#8243; url=&#8220;https://www.careplus.eu/de/mucken-und-zecken/schutzen/anti-insekt-deet/&#8220; align=&#8220;center&#8220; align_tablet=&#8220;center&#8220; align_phone=&#8220;&#8220; align_last_edited=&#8220;on|desktop&#8220; _builder_version=&#8220;4.4.8&#8243;][/et_pb_image][et_pb_button button_url=&#8220;https://www.careplus.eu/de/mucken-und-zecken/schutzen/anti-insekt-deet/&#8220; button_text=&#8220;Anti-Insekt DEET&#8220; button_alignment=&#8220;center&#8220; _builder_version=&#8220;3.19.6&#8243; background_layout=&#8220;dark&#8220;][/et_pb_button][/et_pb_column][et_pb_column type=&#8220;1_3&#8243; _builder_version=&#8220;3.25&#8243; custom_padding=&#8220;|||&#8220; custom_padding__hover=&#8220;|||&#8220;][et_pb_image src=&#8220;https://www.careplus.eu/wp-content/uploads/2019/03/careplus-klamboe-single-box.jpg&#8220; url=&#8220;https://www.careplus.eu/de/mucken-und-zecken/schutzen/moskitonetze/&#8220; align=&#8220;center&#8220; align_tablet=&#8220;center&#8220; align_phone=&#8220;&#8220; align_last_edited=&#8220;on|desktop&#8220; _builder_version=&#8220;3.23&#8243;][/et_pb_image][et_pb_button button_url=&#8220;https://www.careplus.eu/de/mucken-und-zecken/schutzen/moskitonetze/&#8220; button_text=&#8220;Moskitonetz&#8220; button_alignment=&#8220;center&#8220; _builder_version=&#8220;3.19.6&#8243; background_layout=&#8220;dark&#8220;][/et_pb_button][/et_pb_column][et_pb_column type=&#8220;1_3&#8243; _builder_version=&#8220;3.25&#8243; custom_padding=&#8220;|||&#8220; custom_padding__hover=&#8220;|||&#8220;][et_pb_image src=&#8220;https://www.careplus.eu/wp-content/uploads/2019/03/care-plus-headnet.jpg&#8220; align=&#8220;center&#8220; align_tablet=&#8220;center&#8220; align_phone=&#8220;&#8220; align_last_edited=&#8220;on|desktop&#8220; _builder_version=&#8220;3.23&#8243;][/et_pb_image][et_pb_button button_url=&#8220;https://www.careplus.eu/de/mucken-und-zecken/schutzen/kopfnetze/&#8220; button_text=&#8220;Kopfnetze&#8220; button_alignment=&#8220;center&#8220; _builder_version=&#8220;3.19.6&#8243; background_layout=&#8220;dark&#8220;][/et_pb_button][/et_pb_column][/et_pb_row][/et_pb_section][et_pb_section fb_built=&#8220;1&#8243; _builder_version=&#8220;3.22&#8243;][et_pb_row _builder_version=&#8220;3.25&#8243; background_size=&#8220;initial&#8220; background_position=&#8220;top_left&#8220; background_repeat=&#8220;repeat&#8220;][et_pb_column type=&#8220;4_4&#8243; _builder_version=&#8220;3.25&#8243; custom_padding=&#8220;|||&#8220; custom_padding__hover=&#8220;|||&#8220;][et_pb_text admin_label=&#8220;Malaria in Nederland&#8220; _builder_version=&#8220;3.27.4&#8243; header_2_font=&#8220;|800|||||||&#8220; header_2_font_size=&#8220;30px&#8220;]</p>
<h3>Wie verbreitet ist Malaria in Deutschland?</h3>
<p>Jedes Jahr werden in Deutschland zwischen 400 und 600 Malariafälle <a href="https://www.ncbi.nlm.nih.gov/pmc/articles/PMC5769339/" target="_blank" rel="noopener noreferrer">gemeldet</a>. Diese werden zum größten Teil durch Plasmonium falciparum verursacht, einen einzelligen Organismus der Gattung Plasmodium. Gelegentlich werden Berichte über andere Arten von Malaria oder Mischinfektionen mit den oben genannten Plasmodium-Typen erstellt.</p>
<p>[/et_pb_text][/et_pb_column][/et_pb_row][/et_pb_section]</p>

<p>Malaria Malaria wird durch Parasiten verursacht. Diese können durch einen Mückenstich in den Körper gelangen. Malaria verursacht Fieber, Kopfschmerzen, Schüttelfrost, übermäßiges Schwitzen und Muskelschmerzen. Malaria tritt in Deutschland in begrenztem Umfang auf. Dies betrifft Menschen, die sich die Krankheit in den (Sub-)Tropen zugezogen haben. Die Darstellungen auf dieser Karte basieren auf Daten aus dem Jahr [&hellip;]</p>
