


{"id":15734,"date":"2022-05-20T10:11:23","date_gmt":"2022-05-20T08:11:23","guid":{"rendered":"https:\/\/staging.careplus.eu\/sonnenschutz-2\/after-sun\/"},"modified":"2025-02-25T17:43:36","modified_gmt":"2025-02-25T16:43:36","slug":"after-sun","status":"publish","type":"page","link":"https:\/\/www.careplus.eu\/de\/sonnenschutz\/after-sun\/","title":{"rendered":"After Sun Sonnenschutz"},"content":{"rendered":"<p>[et_pb_section fb_built=&#8220;1&#8243; fullwidth=&#8220;on&#8220; _builder_version=&#8220;4.21.0&#8243; background_image=&#8220;https:\/\/www.careplus.eu\/wp-content\/uploads\/2022\/03\/Sun-Protection-Aftersun-Header-Desktop.jpg&#8220; bottom_divider_style=&#8220;curve&#8220; bottom_divider_color=&#8220;#ffffff&#8220; bottom_divider_height=&#8220;40px&#8220; hover_enabled=&#8220;0&#8243; background_last_edited=&#8220;off|desktop&#8220; background_image_phone=&#8220;https:\/\/www.careplus.eu\/wp-content\/uploads\/2022\/03\/Sun-Protection-Aftersun-Header-Mobile.jpg&#8220; background_enable_image_phone=&#8220;on&#8220; background_position_phone=&#8220;center&#8220; global_colors_info=&#8220;{}&#8220; bottom_divider_height_last_edited=&#8220;on|phone&#8220; sticky_enabled=&#8220;0&#8243; bottom_divider_height_phone=&#8220;20px&#8220; bottom_divider_height_tablet=&#8220;40px&#8220;][et_pb_fullwidth_slider show_arrows=&#8220;off&#8220; show_pagination=&#8220;off&#8220; _builder_version=&#8220;4.16&#8243; global_colors_info=&#8220;{}&#8220;][et_pb_slide heading=&#8220;After Sun Sonnenschutz&#8220; use_bg_overlay=&#8220;off&#8220; use_text_overlay=&#8220;off&#8220; _builder_version=&#8220;4.16&#8243; header_level=&#8220;h1&#8243; header_font=&#8220;|800|||||||&#8220; header_font_size=&#8220;36&#8243; background_enable_color=&#8220;off&#8220; background_enable_image=&#8220;off&#8220; button_on_hover=&#8220;on&#8220; custom_padding=&#8220;15%||15%|&#8220; custom_padding_tablet=&#8220;30%||30%|&#8220; custom_padding_phone=&#8220;30%||30%|&#8220; custom_padding_last_edited=&#8220;on|desktop&#8220; header_font_size_tablet=&#8220;30&#8243; header_font_size_phone=&#8220;30&#8243; header_font_size_last_edited=&#8220;on|desktop&#8220; header_text_shadow_style=&#8220;preset3&#8243; header_text_shadow_blur_strength=&#8220;0.5em&#8220; header_text_shadow_color=&#8220;rgba(0,0,0,0.6)&#8220; global_colors_info=&#8220;{}&#8220; sticky_transition=&#8220;on&#8220;][\/et_pb_slide][\/et_pb_fullwidth_slider][\/et_pb_section][et_pb_section fb_built=&#8220;1&#8243; module_id=&#8220;cp_pb_page_content&#8220; module_class=&#8220;cp_pb_regular_post_content&#8220; _builder_version=&#8220;4.21.0&#8243; background_color=&#8220;#ffffff&#8220; custom_padding=&#8220;0px|||&#8220; bottom_divider_color=&#8220;#ffffff&#8220; bottom_divider_height=&#8220;40px&#8220; hover_enabled=&#8220;0&#8243; global_colors_info=&#8220;{}&#8220; admin_label=&#8220;INTRO&#8220; custom_margin=&#8220;50px||||false|false&#8220; sticky_enabled=&#8220;0&#8243;][et_pb_row _builder_version=&#8220;4.21.0&#8243; background_size=&#8220;initial&#8220; background_position=&#8220;top_left&#8220; background_repeat=&#8220;repeat&#8220; custom_margin=&#8220;||||false|false&#8220; global_colors_info=&#8220;{}&#8220; global_module=&#8220;18803&#8243; theme_builder_area=&#8220;post_content&#8220;][et_pb_column type=&#8220;4_4&#8243; _builder_version=&#8220;4.16&#8243; custom_padding=&#8220;|||&#8220; global_colors_info=&#8220;{}&#8220; custom_padding__hover=&#8220;|||&#8220; theme_builder_area=&#8220;post_content&#8220;]<\/p>\n<p>[et_pb_dmb_breadcrumbs _builder_version=&#8220;4.16&#8243; body_font_size_tablet=&#8220;51&#8243; body_line_height_tablet=&#8220;2&#8243; separator_font_size_tablet=&#8220;51&#8243; separator_line_height_tablet=&#8220;2&#8243; link_font_size_tablet=&#8220;51&#8243; link_line_height_tablet=&#8220;2&#8243; linkhover_font_size_tablet=&#8220;51&#8243; linkhover_line_height_tablet=&#8220;2&#8243; global_colors_info=&#8220;{}&#8220; theme_builder_area=&#8220;post_content&#8220;][\/et_pb_dmb_breadcrumbs]<\/p>\n<p>[\/et_pb_column][\/et_pb_row][et_pb_row admin_label=&#8220;Page Header&#8220; _builder_version=&#8220;4.16&#8243; background_size=&#8220;initial&#8220; background_position=&#8220;top_left&#8220; background_repeat=&#8220;repeat&#8220; collapsed=&#8220;off&#8220; global_colors_info=&#8220;{}&#8220;][et_pb_column type=&#8220;4_4&#8243; _builder_version=&#8220;4.16&#8243; custom_padding=&#8220;|||&#8220; global_colors_info=&#8220;{}&#8220; custom_padding__hover=&#8220;|||&#8220;][et_pb_text admin_label=&#8220;Inleiding&#8220; _builder_version=&#8220;4.16&#8243; header_2_font=&#8220;|800|||||||&#8220; custom_margin=&#8220;||||false|false&#8220; custom_padding=&#8220;||||false|false&#8220; global_colors_info=&#8220;{}&#8220;]<\/p>\n<h2>Care Plus<sup style=\"font-size: 12px;\">\u00ae<\/sup> Care &amp; Repair After Sun. Beruhigt und pflegt die Haut<\/h2>\n<p>Die Intensit\u00e4t der Sonne kann man nicht sehen. Aber man kann sie sp\u00fcren. Zum Beispiel, wenn Sie an einem sonnigen Tag vergessen haben, Sonnencreme auf Ihre Haut aufzutragen. Oder wenn Sie eine Stelle vergessen haben einzuschmieren. Einen Sonnenbrand bemerkt man oft zu sp\u00e4t, n\u00e4mlich h\u00e4ufig erst, wenn die Haut rot ist und schmerzt.<\/p>\n<p>Zum Gl\u00fcck gibt es Care &amp; Repair After Sun van Care Plus<sup style=\"font-size: 10px;\">\u00ae<\/sup>. Dieses Produkt beruhigt, pflegt und repariert die Haut. Aber auch wenn Sie keinen Sonnenbrand erlitten haben, sollten Sie Care &amp; Repair After Sun verwenden. So pflegen Sie Ihre Haut und k\u00f6nnen weiterhin Ihre sonnigen Tage in vollen Z\u00fcgen genie\u00dfen.<\/p>\n<p>[\/et_pb_text][et_pb_text admin_label=&#8220;Tegen pijnlijke en rode huid na verbranden&#8220; _builder_version=&#8220;4.16&#8243; header_2_font=&#8220;|800|||||||&#8220; custom_margin=&#8220;15px||||false|false&#8220; custom_padding=&#8220;15px||||false|false&#8220; global_colors_info=&#8220;{}&#8220;]<\/p>\n<h3>Gegen schmerzhafte und ger\u00f6tete Haut bei Sonnenbrand<\/h3>\n<p>Care &amp; Repair After Sun enth\u00e4lt viele nat\u00fcrliche, feuchtigkeitsspendende und beruhigende Inhaltsstoffe wie Aloe Vera, Kamille, Soja\u00f6l und Sheabutter. Care Plus<sup style=\"font-size: 10px;\">\u00ae<\/sup> Care &amp; Repair l\u00e4sst sich leicht und gleichm\u00e4\u00dfig auf die verbrannte Haut auftragen. Er tr\u00e4gt zur Verminderung der Hautr\u00f6tung bei.<\/p>\n<p>[\/et_pb_text][\/et_pb_column][\/et_pb_row][\/et_pb_section][et_pb_section fb_built=&#8220;1&#8243; _builder_version=&#8220;4.16&#8243; background_color=&#8220;#f4f4f4&#8243; use_background_color_gradient=&#8220;on&#8220; background_color_gradient_stops=&#8220;#f4f4f4 0%|#e4e8e7 100%&#8220; background_color_gradient_start=&#8220;#f4f4f4&#8243; background_color_gradient_end=&#8220;#e4e8e7&#8243; border_color_bottom=&#8220;#FFFFFF&#8220; global_colors_info=&#8220;{}&#8220;][et_pb_row column_structure=&#8220;1_4,3_4&#8243; _builder_version=&#8220;4.16&#8243; background_color=&#8220;#ffffff&#8220; custom_margin=&#8220;||||false|false&#8220; custom_padding=&#8220;|40px||40px|false|false&#8220; border_radii=&#8220;on|10px|10px|10px|10px&#8220; global_colors_info=&#8220;{}&#8220;][et_pb_column type=&#8220;1_4&#8243; _builder_version=&#8220;4.16&#8243; custom_padding=&#8220;|||&#8220; global_colors_info=&#8220;{}&#8220; custom_padding__hover=&#8220;|||&#8220;][et_pb_image src=&#8220;https:\/\/www.careplus.eu\/wp-content\/uploads\/2022\/03\/careplus-Aftersun.jpg&#8220; alt=&#8220;Care Plus Aftersun&#8220; title_text=&#8220;careplus-Aftersun&#8220; _builder_version=&#8220;4.16&#8243; _module_preset=&#8220;default&#8220; global_colors_info=&#8220;{}&#8220;][\/et_pb_image][\/et_pb_column][et_pb_column type=&#8220;3_4&#8243; _builder_version=&#8220;4.16&#8243; custom_padding=&#8220;|||&#8220; global_colors_info=&#8220;{}&#8220; custom_padding__hover=&#8220;|||&#8220;][et_pb_divider show_divider=&#8220;off&#8220; _builder_version=&#8220;4.16&#8243; global_colors_info=&#8220;{}&#8220;][\/et_pb_divider][et_pb_text admin_label=&#8220;Care Plus\u00ae Aftersun&#8220; _builder_version=&#8220;4.16&#8243; header_3_text_color=&#8220;#70829b&#8220; custom_margin=&#8220;||0px||false|false&#8220; custom_padding=&#8220;||0px||false|false&#8220; global_colors_info=&#8220;{}&#8220;]<\/p>\n<h3>Care Plus<sup style=\"font-size: 10px;\">\u00ae<\/sup> Care &amp; Repair After Sun<\/h3>\n<ul>\n<li>Voller nat\u00fcrlicher und beruhigender Inhaltsstoffe.<\/li>\n<li>Sanft zu Ihrer Haut. Leicht aufzutragen.<\/li>\n<li>Hilft, Hautr\u00f6tungen zu vermindern.<\/li>\n<li>Enth\u00e4lt Parf\u00fcm ohne Allergene.<\/li>\n<\/ul>\n<p>[\/et_pb_text][et_pb_image src=&#8220;https:\/\/www.careplus.eu\/wp-content\/uploads\/2022\/04\/Icons-Sun-protectiion-After-Sun.png&#8220; title_text=&#8220;Icons Sun protection After Sun&#8220; _builder_version=&#8220;4.16.0&#8243; _module_preset=&#8220;default&#8220; global_colors_info=&#8220;{}&#8220;][\/et_pb_image][et_pb_toggle title=&#8220;Spezifikationen&#8220; icon_color=&#8220;#136932&#8243; open_icon_color=&#8220;#136932&#8243; admin_label=&#8220;Specificaties&#8220; _builder_version=&#8220;4.16&#8243; custom_padding=&#8220;|15px||15px&#8220; border_radii=&#8220;on|10px|10px|10px|10px&#8220; locked=&#8220;off&#8220; global_colors_info=&#8220;{}&#8220;]<\/p>\n<ul>\n<li>Tube \u2013 100 ml<\/li>\n<li>Parabenfrei<\/li>\n<li>Vegan<\/li>\n<li>Die Tube ist aus Biokunststoff (recycelt) gefertigt.<\/li>\n<\/ul>\n<p>[\/et_pb_toggle][et_pb_button button_url=&#8220;https:\/\/www.careplus-shop.de\/sonnenschutz&#8220; url_new_window=&#8220;on&#8220; button_text=&#8220;W\u00e4hlen &amp; Bestellen&#8220; _builder_version=&#8220;4.21.0&#8243; _module_preset=&#8220;default&#8220; custom_button=&#8220;on&#8220; button_bg_color=&#8220;#f7a51c&#8220; hover_enabled=&#8220;0&#8243; global_colors_info=&#8220;{}&#8220; sticky_enabled=&#8220;0&#8243;][\/et_pb_button][\/et_pb_column][\/et_pb_row][\/et_pb_section][et_pb_section fb_built=&#8220;1&#8243; fullwidth=&#8220;on&#8220; disabled_on=&#8220;on|on|on&#8220; _builder_version=&#8220;4.16&#8243; _module_preset=&#8220;default&#8220; background_image=&#8220;https:\/\/www.careplus.eu\/wp-content\/uploads\/2022\/03\/Sun-Protection-Kite-Header-Desktop.jpg&#8220; parallax=&#8220;on&#8220; parallax_method=&#8220;off&#8220; disabled=&#8220;on&#8220; global_colors_info=&#8220;{}&#8220;][et_pb_fullwidth_header _builder_version=&#8220;4.16&#8243; _module_preset=&#8220;default&#8220; background_enable_color=&#8220;off&#8220; background_enable_image=&#8220;off&#8220; height=&#8220;400px&#8220; global_colors_info=&#8220;{}&#8220;][\/et_pb_fullwidth_header][\/et_pb_section]<\/p>\n","protected":false},"excerpt":{"rendered":"<p>Die Intensit\u00e4t der Sonne kann man nicht sehen. Aber man kann sie sp\u00fcren. Zum Beispiel, wenn Sie an einem sonnigen Tag vergessen haben, Sonnencreme auf Ihre Haut aufzutragen.<\/p>\n","protected":false},"author":37,"featured_media":0,"parent":15713,"menu_order":0,"comment_status":"closed","ping_status":"closed","template":"","meta":{"_acf_changed":false,"_et_pb_use_builder":"on","_et_pb_old_content":"","_et_gb_content_width":"","footnotes":""},"class_list":["post-15734","page","type-page","status-publish","hentry"],"acf":[],"_links":{"self":[{"href":"https:\/\/www.careplus.eu\/de\/wp-json\/wp\/v2\/pages\/15734","targetHints":{"allow":["GET"]}}],"collection":[{"href":"https:\/\/www.careplus.eu\/de\/wp-json\/wp\/v2\/pages"}],"about":[{"href":"https:\/\/www.careplus.eu\/de\/wp-json\/wp\/v2\/types\/page"}],"author":[{"embeddable":true,"href":"https:\/\/www.careplus.eu\/de\/wp-json\/wp\/v2\/users\/37"}],"replies":[{"embeddable":true,"href":"https:\/\/www.careplus.eu\/de\/wp-json\/wp\/v2\/comments?post=15734"}],"version-history":[{"count":0,"href":"https:\/\/www.careplus.eu\/de\/wp-json\/wp\/v2\/pages\/15734\/revisions"}],"up":[{"embeddable":true,"href":"https:\/\/www.careplus.eu\/de\/wp-json\/wp\/v2\/pages\/15713"}],"wp:attachment":[{"href":"https:\/\/www.careplus.eu\/de\/wp-json\/wp\/v2\/media?parent=15734"}],"curies":[{"name":"wp","href":"https:\/\/api.w.org\/{rel}","templated":true}]}}

<p>[et_pb_section fb_built=&#8220;1&#8243; fullwidth=&#8220;on&#8220; _builder_version=&#8220;4.21.0&#8243; background_image=&#8220;https://www.careplus.eu/wp-content/uploads/2022/03/Sun-Protection-Aftersun-Header-Desktop.jpg&#8220; bottom_divider_style=&#8220;curve&#8220; bottom_divider_color=&#8220;#ffffff&#8220; bottom_divider_height=&#8220;40px&#8220; hover_enabled=&#8220;0&#8243; background_last_edited=&#8220;off|desktop&#8220; background_image_phone=&#8220;https://www.careplus.eu/wp-content/uploads/2022/03/Sun-Protection-Aftersun-Header-Mobile.jpg&#8220; background_enable_image_phone=&#8220;on&#8220; background_position_phone=&#8220;center&#8220; global_colors_info=&#8220;{}&#8220; bottom_divider_height_last_edited=&#8220;on|phone&#8220; sticky_enabled=&#8220;0&#8243; bottom_divider_height_phone=&#8220;20px&#8220; bottom_divider_height_tablet=&#8220;40px&#8220;][et_pb_fullwidth_slider show_arrows=&#8220;off&#8220; show_pagination=&#8220;off&#8220; _builder_version=&#8220;4.16&#8243; global_colors_info=&#8220;{}&#8220;][et_pb_slide heading=&#8220;After Sun Sonnenschutz&#8220; use_bg_overlay=&#8220;off&#8220; use_text_overlay=&#8220;off&#8220; _builder_version=&#8220;4.16&#8243; header_level=&#8220;h1&#8243; header_font=&#8220;|800|||||||&#8220; header_font_size=&#8220;36&#8243; background_enable_color=&#8220;off&#8220; background_enable_image=&#8220;off&#8220; button_on_hover=&#8220;on&#8220; custom_padding=&#8220;15%||15%|&#8220; custom_padding_tablet=&#8220;30%||30%|&#8220; custom_padding_phone=&#8220;30%||30%|&#8220; custom_padding_last_edited=&#8220;on|desktop&#8220; header_font_size_tablet=&#8220;30&#8243; header_font_size_phone=&#8220;30&#8243; header_font_size_last_edited=&#8220;on|desktop&#8220; header_text_shadow_style=&#8220;preset3&#8243; header_text_shadow_blur_strength=&#8220;0.5em&#8220; header_text_shadow_color=&#8220;rgba(0,0,0,0.6)&#8220; global_colors_info=&#8220;{}&#8220; sticky_transition=&#8220;on&#8220;][/et_pb_slide][/et_pb_fullwidth_slider][/et_pb_section][et_pb_section fb_built=&#8220;1&#8243; module_id=&#8220;cp_pb_page_content&#8220; module_class=&#8220;cp_pb_regular_post_content&#8220; _builder_version=&#8220;4.21.0&#8243; background_color=&#8220;#ffffff&#8220; custom_padding=&#8220;0px|||&#8220; bottom_divider_color=&#8220;#ffffff&#8220; bottom_divider_height=&#8220;40px&#8220; hover_enabled=&#8220;0&#8243; global_colors_info=&#8220;{}&#8220; admin_label=&#8220;INTRO&#8220; custom_margin=&#8220;50px||||false|false&#8220; sticky_enabled=&#8220;0&#8243;][et_pb_row _builder_version=&#8220;4.21.0&#8243; background_size=&#8220;initial&#8220; background_position=&#8220;top_left&#8220; background_repeat=&#8220;repeat&#8220; custom_margin=&#8220;||||false|false&#8220; global_colors_info=&#8220;{}&#8220; global_module=&#8220;18803&#8243; theme_builder_area=&#8220;post_content&#8220;][et_pb_column type=&#8220;4_4&#8243; _builder_version=&#8220;4.16&#8243; custom_padding=&#8220;|||&#8220; global_colors_info=&#8220;{}&#8220; custom_padding__hover=&#8220;|||&#8220; theme_builder_area=&#8220;post_content&#8220;]</p>
<p>[et_pb_dmb_breadcrumbs _builder_version=&#8220;4.16&#8243; body_font_size_tablet=&#8220;51&#8243; body_line_height_tablet=&#8220;2&#8243; separator_font_size_tablet=&#8220;51&#8243; separator_line_height_tablet=&#8220;2&#8243; link_font_size_tablet=&#8220;51&#8243; link_line_height_tablet=&#8220;2&#8243; linkhover_font_size_tablet=&#8220;51&#8243; linkhover_line_height_tablet=&#8220;2&#8243; global_colors_info=&#8220;{}&#8220; theme_builder_area=&#8220;post_content&#8220;][/et_pb_dmb_breadcrumbs]</p>
<p>[/et_pb_column][/et_pb_row][et_pb_row admin_label=&#8220;Page Header&#8220; _builder_version=&#8220;4.16&#8243; background_size=&#8220;initial&#8220; background_position=&#8220;top_left&#8220; background_repeat=&#8220;repeat&#8220; collapsed=&#8220;off&#8220; global_colors_info=&#8220;{}&#8220;][et_pb_column type=&#8220;4_4&#8243; _builder_version=&#8220;4.16&#8243; custom_padding=&#8220;|||&#8220; global_colors_info=&#8220;{}&#8220; custom_padding__hover=&#8220;|||&#8220;][et_pb_text admin_label=&#8220;Inleiding&#8220; _builder_version=&#8220;4.16&#8243; header_2_font=&#8220;|800|||||||&#8220; custom_margin=&#8220;||||false|false&#8220; custom_padding=&#8220;||||false|false&#8220; global_colors_info=&#8220;{}&#8220;]</p>
<h2>Care Plus<sup style="font-size: 12px;">®</sup> Care &amp; Repair After Sun. Beruhigt und pflegt die Haut</h2>
<p>Die Intensität der Sonne kann man nicht sehen. Aber man kann sie spüren. Zum Beispiel, wenn Sie an einem sonnigen Tag vergessen haben, Sonnencreme auf Ihre Haut aufzutragen. Oder wenn Sie eine Stelle vergessen haben einzuschmieren. Einen Sonnenbrand bemerkt man oft zu spät, nämlich häufig erst, wenn die Haut rot ist und schmerzt.</p>
<p>Zum Glück gibt es Care &amp; Repair After Sun van Care Plus<sup style="font-size: 10px;">®</sup>. Dieses Produkt beruhigt, pflegt und repariert die Haut. Aber auch wenn Sie keinen Sonnenbrand erlitten haben, sollten Sie Care &amp; Repair After Sun verwenden. So pflegen Sie Ihre Haut und können weiterhin Ihre sonnigen Tage in vollen Zügen genießen.</p>
<p>[/et_pb_text][et_pb_text admin_label=&#8220;Tegen pijnlijke en rode huid na verbranden&#8220; _builder_version=&#8220;4.16&#8243; header_2_font=&#8220;|800|||||||&#8220; custom_margin=&#8220;15px||||false|false&#8220; custom_padding=&#8220;15px||||false|false&#8220; global_colors_info=&#8220;{}&#8220;]</p>
<h3>Gegen schmerzhafte und gerötete Haut bei Sonnenbrand</h3>
<p>Care &amp; Repair After Sun enthält viele natürliche, feuchtigkeitsspendende und beruhigende Inhaltsstoffe wie Aloe Vera, Kamille, Sojaöl und Sheabutter. Care Plus<sup style="font-size: 10px;">®</sup> Care &amp; Repair lässt sich leicht und gleichmäßig auf die verbrannte Haut auftragen. Er trägt zur Verminderung der Hautrötung bei.</p>
<p>[/et_pb_text][/et_pb_column][/et_pb_row][/et_pb_section][et_pb_section fb_built=&#8220;1&#8243; _builder_version=&#8220;4.16&#8243; background_color=&#8220;#f4f4f4&#8243; use_background_color_gradient=&#8220;on&#8220; background_color_gradient_stops=&#8220;#f4f4f4 0%|#e4e8e7 100%&#8220; background_color_gradient_start=&#8220;#f4f4f4&#8243; background_color_gradient_end=&#8220;#e4e8e7&#8243; border_color_bottom=&#8220;#FFFFFF&#8220; global_colors_info=&#8220;{}&#8220;][et_pb_row column_structure=&#8220;1_4,3_4&#8243; _builder_version=&#8220;4.16&#8243; background_color=&#8220;#ffffff&#8220; custom_margin=&#8220;||||false|false&#8220; custom_padding=&#8220;|40px||40px|false|false&#8220; border_radii=&#8220;on|10px|10px|10px|10px&#8220; global_colors_info=&#8220;{}&#8220;][et_pb_column type=&#8220;1_4&#8243; _builder_version=&#8220;4.16&#8243; custom_padding=&#8220;|||&#8220; global_colors_info=&#8220;{}&#8220; custom_padding__hover=&#8220;|||&#8220;][et_pb_image src=&#8220;https://www.careplus.eu/wp-content/uploads/2022/03/careplus-Aftersun.jpg&#8220; alt=&#8220;Care Plus Aftersun&#8220; title_text=&#8220;careplus-Aftersun&#8220; _builder_version=&#8220;4.16&#8243; _module_preset=&#8220;default&#8220; global_colors_info=&#8220;{}&#8220;][/et_pb_image][/et_pb_column][et_pb_column type=&#8220;3_4&#8243; _builder_version=&#8220;4.16&#8243; custom_padding=&#8220;|||&#8220; global_colors_info=&#8220;{}&#8220; custom_padding__hover=&#8220;|||&#8220;][et_pb_divider show_divider=&#8220;off&#8220; _builder_version=&#8220;4.16&#8243; global_colors_info=&#8220;{}&#8220;][/et_pb_divider][et_pb_text admin_label=&#8220;Care Plus® Aftersun&#8220; _builder_version=&#8220;4.16&#8243; header_3_text_color=&#8220;#70829b&#8220; custom_margin=&#8220;||0px||false|false&#8220; custom_padding=&#8220;||0px||false|false&#8220; global_colors_info=&#8220;{}&#8220;]</p>
<h3>Care Plus<sup style="font-size: 10px;">®</sup> Care &amp; Repair After Sun</h3>
<ul>
<li>Voller natürlicher und beruhigender Inhaltsstoffe.</li>
<li>Sanft zu Ihrer Haut. Leicht aufzutragen.</li>
<li>Hilft, Hautrötungen zu vermindern.</li>
<li>Enthält Parfüm ohne Allergene.</li>
</ul>
<p>[/et_pb_text][et_pb_image src=&#8220;https://www.careplus.eu/wp-content/uploads/2022/04/Icons-Sun-protectiion-After-Sun.png&#8220; title_text=&#8220;Icons Sun protection After Sun&#8220; _builder_version=&#8220;4.16.0&#8243; _module_preset=&#8220;default&#8220; global_colors_info=&#8220;{}&#8220;][/et_pb_image][et_pb_toggle title=&#8220;Spezifikationen&#8220; icon_color=&#8220;#136932&#8243; open_icon_color=&#8220;#136932&#8243; admin_label=&#8220;Specificaties&#8220; _builder_version=&#8220;4.16&#8243; custom_padding=&#8220;|15px||15px&#8220; border_radii=&#8220;on|10px|10px|10px|10px&#8220; locked=&#8220;off&#8220; global_colors_info=&#8220;{}&#8220;]</p>
<ul>
<li>Tube – 100 ml</li>
<li>Parabenfrei</li>
<li>Vegan</li>
<li>Die Tube ist aus Biokunststoff (recycelt) gefertigt.</li>
</ul>
<p>[/et_pb_toggle][et_pb_button button_url=&#8220;https://www.careplus-shop.de/sonnenschutz&#8220; url_new_window=&#8220;on&#8220; button_text=&#8220;Wählen &amp; Bestellen&#8220; _builder_version=&#8220;4.21.0&#8243; _module_preset=&#8220;default&#8220; custom_button=&#8220;on&#8220; button_bg_color=&#8220;#f7a51c&#8220; hover_enabled=&#8220;0&#8243; global_colors_info=&#8220;{}&#8220; sticky_enabled=&#8220;0&#8243;][/et_pb_button][/et_pb_column][/et_pb_row][/et_pb_section][et_pb_section fb_built=&#8220;1&#8243; fullwidth=&#8220;on&#8220; disabled_on=&#8220;on|on|on&#8220; _builder_version=&#8220;4.16&#8243; _module_preset=&#8220;default&#8220; background_image=&#8220;https://www.careplus.eu/wp-content/uploads/2022/03/Sun-Protection-Kite-Header-Desktop.jpg&#8220; parallax=&#8220;on&#8220; parallax_method=&#8220;off&#8220; disabled=&#8220;on&#8220; global_colors_info=&#8220;{}&#8220;][et_pb_fullwidth_header _builder_version=&#8220;4.16&#8243; _module_preset=&#8220;default&#8220; background_enable_color=&#8220;off&#8220; background_enable_image=&#8220;off&#8220; height=&#8220;400px&#8220; global_colors_info=&#8220;{}&#8220;][/et_pb_fullwidth_header][/et_pb_section]</p>

<p>Die Intensität der Sonne kann man nicht sehen. Aber man kann sie spüren. Zum Beispiel, wenn Sie an einem sonnigen Tag vergessen haben, Sonnencreme auf Ihre Haut aufzutragen.</p>
